osite number?
True
Suppose -203*w = 264*w - 95541662. Is w prime?
False
Suppose w - 171999 = -c, 5*w - 25*c + 23*c - 859981 = 0. Is w composite?
True
Let m be 52*(22/8)/11. Suppose 0 = -m*z - 9883 + 65900. Is z a prime number?
False
Let h(v) = 2*v + 16. Let j be h(-5). Suppose j*n - 10*n = -3196. Is n a composite number?
True
Let b = 55 - 177. Let u be b/(-18) + (-1)/27*-6. Suppose 0 = -u*m + 3*m + 8156. Is m prime?
True
Let z = 242 + -239. Suppose 2*t - 87 = -4*q + 1437, z*t - 2294 = -2*q. Is t prime?
False
Suppose -13*w + 2*w + 4*w = 0. Let h(g) = 31*g + 2837. Is h(w) composite?
False
Let z = 6990 + -2132. Suppose v = -5*p - v - 12145, 3*v = -2*p - z. Let n = 3928 + p. Is n a prime number?
True
Let w(r) = 35 - 29*r + 32 - 64. Let i be w(5). Let l = i - -825. Is l composite?
False
Let l = 516 + -491. Is ((-1)/(-2))/(l/625850) a composite number?
False
Suppose 9*f - 10 = 7*f. Suppose -r + f*v + 21158 = 2*r, -2*v - 7053 = -r. Is r a prime number?
False
Let x(f) = -66*f - 3. Let h be x(-2). Let p(q) = 3*q**3 - 4*q**2 - 4*q + 46. Let o be p(6). Let m = o + h. Is m prime?
False
Suppose 38 = -6*c + 158. Is 10/c*1*12394 prime?
True
Let s(j) = 11*j**2 - 16. Let g(a) = -1. Let n(m) = -6*g(m) + s(m). Is n(5) a prime number?
False
Suppose 32*k = 6241427 + 147213. Is k a prime number?
False
Let v(h) = 1758*h**2 + 18*h + 235. Is v(-7) a prime number?
False
Suppose 8*q - 12 = 4*q. Let d(z) = z**3 + 11*z**2 + z + 6. Let y(v) = -v**3 - 10*v**2 - v - 7. Let i(a) = q*d(a) + 2*y(a). Is i(-7) composite?
True
Let x = 132 + -53. Suppose -x*d + 31731 = -76*d. Is d a composite number?
True
Let q(x) = -97*x**3 + 26*x**2 - 31*x - 1491. Is q(-25) a composite number?
True
Suppose i + 35 = -5*o + 6*i, -11 = 2*o - 5*i. Let z(y) = -y**3 - 9*y**2 - 17*y - 1. Let l be z(o). Let j = l + 44. Is j prime?
False
Let f(l) = -5025*l - 289. Is f(-12) a composite number?
True
Let a = -7 - -27. Suppose -12*y - a = -16*y. Suppose -2866 = -y*g + 619. Is g a prime number?
False
Suppose 3*u = -2*b - 4, u + 2*b = 5*b + 6. Suppose 11*c = -52*c - 138474. Is -1 + (u + 3 - c) + 3 prime?
True
Let n(j) = j**3 - 4*j**2 - 2*j - 50. Let g(t) = -2*t**3 + 2*t**2 + 2*t + 47. Let z(x) = 4*g(x) + 5*n(x). Is z(-12) a prime number?
False
Let m(l) = 2*l + 20. Let h be m(-7). Suppose 16 = -h*q + 2*q, -3663 = -5*i + 2*q. Suppose -5*v + 294 + i = 0. Is v composite?
True
Let b = -40457 + 74830. Is b a composite number?
True
Let l be (15/21)/5 + 181342/49. Let v = -1330 + l. Is v a prime number?
True
Let a be 10/35 + 140913/63. Let t = 11124 - a. Is t a prime number?
True
Suppose -39*i - 1940521 = 46*i - 73412516. Is i prime?
False
Suppose 15384 = -p - 2*v + 84687, -2*p - v + 138621 = 0. Is p prime?
True
Let x(v) = -v**2 + 2*v + 40. Let a be x(7). Suppose 27*q = a*q + 861454. Is q a composite number?
False
Let f = 1003249 - 676386. Is f prime?
True
Suppose -670886 - 155501 = 111*d - 128*d. Is d composite?
False
Is (-6)/(-9) - (-16)/(-15) - (-8903790)/350 composite?
False
Let n be 8/(160/15) + (-59772)/16. Let v = 6148 - n. Is v prime?
True
Let v(b) = -220*b**3 + 51*b**2 + 7*b + 1. Is v(-7) composite?
True
Suppose -3*r - w = -4635 - 377, 1660 = r + 3*w. Is (r/(-12))/11*(-1779)/2 a composite number?
True
Is (50/(-60) - (-4)/12)/((-4)/705928) prime?
True
Let w be 2 - -5 - (-10066)/1. Let r = 14458 - w. Is r a prime number?
False
Is (-537294)/9*(-24)/16 a prime number?
False
Suppose 2*i - 60 = 108. Is i/(-24)*(2 + -36) prime?
False
Suppose k - 3*v - 476659 = 0, -280*k = -276*k + 3*v - 1906516. Is k prime?
False
Suppose -36*t + 41883778 = -3*t + 4*t. Is t composite?
True
Let k(d) = 12 - 43 + 4*d**2 - 5*d**2 - 10*d - 33*d. Let x be k(-23). Let i = x + 58. Is i a composite number?
False
Suppose 0 = -3*n + 12, -2*n - 2*n + 109 = 3*k. Suppose -33*p = -k*p - 8. Suppose 0*w = 4*f + 2*w - 506, f + p*w = 123. Is f a composite number?
False
Suppose n = -4*x - 27, -n + 5*n - 3*x + 32 = 0. Let o = 10 + n. Is (-1 + -1755 + -3)*o a prime number?
True
Suppose 24*u + 4 - 148 = 0. Suppose -u*f = -14967 + 3381. Is f prime?
True
Let l = -82 - -108. Let v = -37 + l. Let n(u) = -2*u**3 - 15*u**2 - 2*u + 8. Is n(v) prime?
True
Let m(p) = -18*p + 5221. Suppose -s - 2 = t, 4*t + s + 2 = 6*t. Is m(t) composite?
True
Suppose -2*w - 32 = 2*h, -w + 7*h = 2*h + 28. Is -2 + ((-346230)/w - (-1 + -1)) a prime number?
False
Let d = -83309 - -213472. Is d prime?
False
Is (2443/1745)/(2/343030) a composite number?
True
Suppose 4*f + 1 - 26 = -5*q, 5*f - 4*q + 20 = 0. Suppose 0 = z - f*z - 2230. Suppose -2*k + 3*s - 305 = -z, -k = 4*s - 979. Is k a prime number?
True
Let p = 0 - 4. Let m(y) = -y**3 - 4*y**2 + 2*y + 8. Let f be m(p). Suppose -2*z + 0*z + 282 = f. Is z prime?
False
Suppose 0 = 15*r + 30*r - 13077810. Suppose 0 = 40*p - r - 288942. Is p prime?
True
Let b(k) = -3 - 4*k - k**3 - 4 - 1 + 4*k**3 - 12*k**2. Let p be b(10). Suppose -5*f + p + 4889 = -2*m, 2*f - 4*m = 2650. Is f prime?
False
Suppose 0 = -3*v - 5*c + 7583, 2*c = 3*v - 10139 + 2542. Let l = v + -1780. Is l a composite number?
False
Suppose -201*p - 259321683 = -287*p - 325*p. Is p composite?
True
Let q(g) = -g**2 - 5*g - 1. Let n be q(-4). Suppose 25 = 5*w, -2*p + 68 - 32 = 4*w. Suppose -p = -n*k + 430. Is k a composite number?
True
Let j(t) be the second derivative of 2*t**6/45 - t**5/20 + 4*t**4/3 + 12*t. Let c(a) be the third derivative of j(a). Is c(7) prime?
False
Let f = 325 + -325. Suppose 0*r + r = -4*n + 21406, f = -4*n + 5*r + 21394. Is n a composite number?
False
Let q(t) = 790*t - 114. Let f(v) = -396*v + 57. Let b(w) = 7*f(w) + 4*q(w). Is b(5) prime?
False
Let g = 51 + -49. Let d(n) = -11 - 2*n**2 - 5*n**3 + 9*n**2 - 5*n + 8 - n**g. Is d(-5) a prime number?
True
Let a(w) = -w**2 + 24*w + 81. Let q be a(27). Suppose 2*b - 2*t - 8783 - 24961 = q, 0 = 3*b + 2*t - 50641. Is b prime?
False
Let l(b) = -b**3 - 8*b**2 - 2*b + 19. Let n be l(-8). Let d = 34 - n. Is 0 - d - (-2490 - 8/(-1)) composite?
True
Suppose -18*h - 315 = -15*h. Let a be ((-7)/(h/(-205)))/(1/(-6)). Suppose 87*m - a*m = 8530. Is m a prime number?
False
Let n = 71217 + 184864. Is n composite?
True
Suppose -9*q + 1622280 = -5008591 - 1368572. Is q composite?
False
Suppose -5*v + 2462307 = -b, 127*v - 3*b + 492487 = 128*v. Is v a prime number?
True
Let u = 12233 - -120583. Suppose 9*g - u = -15*g. Is g prime?
False
Let u(l) = -l**2 - 7*l - 8. Let i be u(-4). Suppose p + 561 = i*p. Suppose 3*b = 3*m - p - 101, m - 76 = -3*b. Is m a composite number?
True
Suppose 4*b = -3*m + 516933, -7*b = m + m - 344635. Is m a composite number?
False
Let w(u) = u**2 - 2*u - 6. Let p be w(2). Let r(a) = a**2 + 5*a - 3. Let t be r(p). Suppose 7*x = t*x + 1172. Is x a prime number?
True
Let x(v) = v + 42. Let g be x(-26). Is g/2 + 6373 + -4 a composite number?
True
Let j(d) = -45*d**3 + 152 - 81 + 3*d**2 - 72. Is j(-4) composite?
False
Let a = 82666 - 139091. Is a/(-40) - (-9)/24 a composite number?
True
Let p = -16300 - -1287873. Is p prime?
False
Suppose -x + 2*w = -71979, 2*w + 143958 = -36*x + 38*x. Is x a prime number?
False
Is 10/(-7) - (-5890)/1330 - -804494 composite?
False
Suppose 3*o + 1070298 = 21*o. Is o a prime number?
False
Suppose 0*j - j = -72. Let i = -60 + j. Is 7/(-14) - (-3921)/i*2 a composite number?
False
Let a be (-2478 - -7)/((-1)/6). Let c(v) = 4*v**2 - 55*v + 86. Let j be c(-28). Suppose -a = -16*m - j. Is m a composite number?
True
Let p = -110780 + 258427. Is p a prime number?
True
Is 230152494/935 - 7/5 prime?
True
Let h(a) = -a**2 + 19*a - 4. Let g be h(16). Let n = -41 + g. Suppose i + 908 = n*y, y - 3*y - 5*i = -611. Is y a composite number?
True
Suppose 3*f + 87 = -p - 18, f + 3*p = -35. Let a be (-10)/f + 52/14 + -1. Suppose -2*d = -a*z - 2240, -2*d + 1077 = 3*z - 1175. Is d composite?
False
Let n(b) = b**3 - 23*b**2 + 65*b - 6. Is n(45) a composite number?
True
Suppose 0 = 4*o + 4*t - 28, -9 = o - 4*t - 31. Suppose -o*g + 2353 = -907. Is g prime?
False
Let c be 1*82/21 + (-2)/(-21). Is (c - 19)*4704/(-15) + 1 a prime number?
False
Suppose -70*c + 1316572 = -132*c + 66*c. Is c a composite number?
False
Let u(k) = -40*k + 15. Let i be u(3). Let v = i + 107. Suppose 0 = v*l + 5*l - 4291. Is l prime?
True
Suppose -2367 = 5*k + 2*t - 14871, -2*k = 2*t - 4998. Suppose y - k = 4231. Is y a pri